{"id":43,"date":"2023-12-20T15:11:11","date_gmt":"2023-12-20T14:11:11","guid":{"rendered":"http:\/\/localhost:8888\/planty\/?page_id=43"},"modified":"2024-06-03T09:48:14","modified_gmt":"2024-06-03T07:48:14","slug":"nous-rencontrer","status":"publish","type":"page","link":"https:\/\/www.jessica-idel.fr\/planty\/nous-rencontrer\/","title":{"rendered":"Nous rencontrer"},"content":{"rendered":"\n<div class=\"wp-block-uagb-container uagb-block-0c80ccea alignfull uagb-is-root-container\"><div class=\"uagb-container__shape uagb-container__shape-bottom uagb-container__invert\" data-negative=\"false\"><svg xmlns=\"https:\/\/www.w3.org\/2000\/svg\" viewBox=\"0 0 937.5 120\" preserveAspectRatio=\"none\"><path class=\"uagb-container__shape-fill\" d=\"M937,129.8V-0.1H0v129.9C0,62.6,209.6,8.2,468.4,8.2S936.9,62.6,937,129.8z\"><\/path><\/svg><\/div><div class=\"uagb-container-inner-blocks-wrap\">\n<div class=\"wp-block-uagb-container uagb-block-439b4870\">\n<div style=\"height:15px\" aria-hidden=\"true\" class=\"wp-block-spacer uag-hide-tab uag-hide-mob\"><\/div>\n\n\n\n<div class=\"wp-block-columns is-layout-flex wp-container-core-columns-is-layout-1 wp-block-columns-is-layout-flex\">\n<div class=\"wp-block-column is-layout-flow wp-block-column-is-layout-flow\" style=\"flex-basis:25%\"><div class=\"wp-block-image\">\n<figure class=\"alignright size-thumbnail uag-hide-tab uag-hide-mob\"><img loading=\"lazy\" decoding=\"async\" width=\"276\" height=\"272\" src=\"http:\/\/www.jessica-idel.fr\/planty\/wp-content\/uploads\/2023\/12\/Group-2.png\" alt=\"image fleur\" class=\"wp-image-8\"\/><\/figure><\/div><\/div>\n\n\n\n<div class=\"wp-block-column is-layout-flow wp-block-column-is-layout-flow\" style=\"flex-basis:50%\">\n<div style=\"height:100px\" aria-hidden=\"true\" class=\"wp-block-spacer uag-hide-tab uag-hide-mob\"><\/div>\n\n\n\n<h1 class=\"wp-block-heading has-text-align-center title-nous-rencontrer has-text-color has-link-color wp-elements-3d9bd0e89fd9ec1fcb3e316512564de7\" style=\"color:#d2776a;font-size:38px\">Nous rencontrer<\/h1>\n\n\n\n<p class=\"has-text-align-center nous-rencontrer-p\">Chez Planty nous sommes tous passionn\u00e9s par le bien-\u00eatre, et \u00e7a se retrouve dans nos boissons ! Notre start-up s&rsquo;est construite au fur et \u00e0 mesure de rencontres entre amoureux des plantes. <\/p>\n<\/div>\n\n\n\n<div class=\"wp-block-column is-layout-flow wp-block-column-is-layout-flow\" style=\"flex-basis:25%\"><\/div>\n<\/div>\n<\/div>\n<\/div><\/div>\n\n\n\n<div class=\"wp-block-uagb-container uagb-block-6b1ddb09 alignfull uagb-is-root-container\"><div class=\"uagb-container-inner-blocks-wrap\">\n<div style=\"height:10px\" aria-hidden=\"true\" class=\"wp-block-spacer uag-hide-tab uag-hide-mob\"><\/div>\n\n\n\n<h2 class=\"wp-block-heading has-text-align-center title-lequipe\" style=\"font-size:30px\">L&rsquo;\u00e9quipe<\/h2>\n\n\n\n<div class=\"wp-block-columns is-layout-flex wp-container-core-columns-is-layout-2 wp-block-columns-is-layout-flex\">\n<div class=\"wp-block-column is-layout-flow wp-block-column-is-layout-flow\"><\/div>\n\n\n\n<div class=\"wp-block-column is-layout-flow wp-block-column-is-layout-flow\">\n<figure class=\"wp-block-image size-full\"><img loading=\"lazy\" decoding=\"async\" width=\"167\" height=\"167\" src=\"http:\/\/www.jessica-idel.fr\/planty\/wp-content\/uploads\/2023\/12\/Mask-group-2.png\" alt=\"photo de Megane\" class=\"wp-image-14\" srcset=\"https:\/\/www.jessica-idel.fr\/planty\/wp-content\/uploads\/2023\/12\/Mask-group-2.png 167w, https:\/\/www.jessica-idel.fr\/planty\/wp-content\/uploads\/2023\/12\/Mask-group-2-150x150.png 150w\" sizes=\"(max-width: 167px) 100vw, 167px\" \/><\/figure>\n\n\n\n<p class=\"has-text-align-center team-member\">M\u00e9gane<\/p>\n\n\n\n<p class=\"has-text-align-center team-job\">CEO<\/p>\n<\/div>\n\n\n\n<div class=\"wp-block-column is-layout-flow wp-block-column-is-layout-flow\">\n<figure class=\"wp-block-image size-full\"><img loading=\"lazy\" decoding=\"async\" width=\"167\" height=\"167\" src=\"http:\/\/www.jessica-idel.fr\/planty\/wp-content\/uploads\/2023\/12\/Mask-group-1.png\" alt=\"photo de Brooke\" class=\"wp-image-13\" srcset=\"https:\/\/www.jessica-idel.fr\/planty\/wp-content\/uploads\/2023\/12\/Mask-group-1.png 167w, https:\/\/www.jessica-idel.fr\/planty\/wp-content\/uploads\/2023\/12\/Mask-group-1-150x150.png 150w\" sizes=\"(max-width: 167px) 100vw, 167px\" \/><\/figure>\n\n\n\n<p class=\"has-text-align-center team-member\">Brooke<\/p>\n\n\n\n<p class=\"has-text-align-center team-job\">Nutritionniste<\/p>\n<\/div>\n\n\n\n<div class=\"wp-block-column is-layout-flow wp-block-column-is-layout-flow\">\n<figure class=\"wp-block-image size-full\"><img loading=\"lazy\" decoding=\"async\" width=\"167\" height=\"167\" src=\"http:\/\/www.jessica-idel.fr\/planty\/wp-content\/uploads\/2023\/12\/Mask-group.png\" alt=\"photo de Sylvie\" class=\"wp-image-15\" srcset=\"https:\/\/www.jessica-idel.fr\/planty\/wp-content\/uploads\/2023\/12\/Mask-group.png 167w, https:\/\/www.jessica-idel.fr\/planty\/wp-content\/uploads\/2023\/12\/Mask-group-150x150.png 150w\" sizes=\"(max-width: 167px) 100vw, 167px\" \/><\/figure>\n\n\n\n<p class=\"has-text-align-center team-member\">Sylvie<\/p>\n\n\n\n<p class=\"has-text-align-center team-job\">Mixologue<\/p>\n<\/div>\n\n\n\n<div class=\"wp-block-column is-layout-flow wp-block-column-is-layout-flow\">\n<div style=\"height:100px\" aria-hidden=\"true\" class=\"wp-block-spacer uag-hide-tab uag-hide-mob\"><\/div>\n\n\n\n<figure class=\"wp-block-image size-medium is-resized feuille-team uag-hide-tab uag-hide-mob\"><img loading=\"lazy\" decoding=\"async\" width=\"350\" height=\"401\" src=\"http:\/\/www.jessica-idel.fr\/planty\/wp-content\/uploads\/2023\/12\/Group-4.png\" alt=\"\" class=\"wp-image-10\" style=\"width:117px;height:auto\" srcset=\"https:\/\/www.jessica-idel.fr\/planty\/wp-content\/uploads\/2023\/12\/Group-4.png 350w, https:\/\/www.jessica-idel.fr\/planty\/wp-content\/uploads\/2023\/12\/Group-4-262x300.png 262w\" sizes=\"(max-width: 350px) 100vw, 350px\" \/><\/figure>\n<\/div>\n<\/div>\n<\/div><\/div>\n\n\n\n<div class=\"wp-block-uagb-container uagb-block-5414f1b5 alignfull uagb-is-root-container\"><div class=\"uagb-container-inner-blocks-wrap\">\n<h2 class=\"wp-block-heading has-text-align-center nous-contacter has-background\" style=\"background-color:#ece2da;font-size:30px\">Nous contacter<\/h2>\n\n\n\n<div class=\"wp-block-columns is-layout-flex wp-container-core-columns-is-layout-3 wp-block-columns-is-layout-flex\">\n<div class=\"wp-block-column is-layout-flow wp-block-column-is-layout-flow\"><div class=\"wp-block-image img-form-contact\">\n<figure class=\"alignright size-full uag-hide-tab uag-hide-mob\"><img loading=\"lazy\" decoding=\"async\" width=\"185\" height=\"178\" src=\"http:\/\/www.jessica-idel.fr\/planty\/wp-content\/uploads\/2023\/12\/Group-16.png\" alt=\"image fleur\" class=\"wp-image-11\"\/><\/figure><\/div><\/div>\n\n\n\n<div class=\"wp-block-column is-layout-flow wp-block-column-is-layout-flow\">\n<div class=\"wp-block-contact-form-7-contact-form-selector form-contact-page\">\n<div class=\"wpcf7 no-js\" id=\"wpcf7-f392-o1\" lang=\"fr-FR\" dir=\"ltr\">\n<div class=\"screen-reader-response\"><p role=\"status\" aria-live=\"polite\" aria-atomic=\"true\"><\/p> <ul><\/ul><\/div>\n<form action=\"\/planty\/wp-json\/wp\/v2\/pages\/43#wpcf7-f392-o1\" method=\"post\" class=\"wpcf7-form init\" aria-label=\"Contact form\" novalidate=\"novalidate\" data-status=\"init\">\n<div style=\"display: none;\">\n<input type=\"hidden\" name=\"_wpcf7\" value=\"392\" \/>\n<input type=\"hidden\" name=\"_wpcf7_version\" value=\"5.9.5\" \/>\n<input type=\"hidden\" name=\"_wpcf7_locale\" value=\"fr_FR\" \/>\n<input type=\"hidden\" name=\"_wpcf7_unit_tag\" value=\"wpcf7-f392-o1\" \/>\n<input type=\"hidden\" name=\"_wpcf7_container_post\" value=\"0\" \/>\n<input type=\"hidden\" name=\"_wpcf7_posted_data_hash\" value=\"\" \/>\n<\/div>\n<p><label> Nom<br \/>\n<span class=\"wpcf7-form-control-wrap\" data-name=\"your-name\"><input size=\"40\" class=\"wpcf7-form-control wpcf7-text wpcf7-validates-as-required\" autocomplete=\"name\" aria-required=\"true\" aria-invalid=\"false\" value=\"\" type=\"text\" name=\"your-name\" \/><\/span> <\/label>\n<\/p>\n<p><label> E-mail<br \/>\n<span class=\"wpcf7-form-control-wrap\" data-name=\"your-email\"><input size=\"40\" class=\"wpcf7-form-control wpcf7-email wpcf7-validates-as-required wpcf7-text wpcf7-validates-as-email\" autocomplete=\"email\" aria-required=\"true\" aria-invalid=\"false\" value=\"\" type=\"email\" name=\"your-email\" \/><\/span> <\/label>\n<\/p>\n<p><label> Message<br \/>\n<span class=\"wpcf7-form-control-wrap\" data-name=\"your-message\"><textarea cols=\"40\" rows=\"10\" class=\"wpcf7-form-control wpcf7-textarea\" aria-invalid=\"false\" name=\"your-message\"><\/textarea><\/span> <\/label>\n<\/p>\n<p><input class=\"wpcf7-form-control wpcf7-submit has-spinner\" type=\"submit\" value=\"Envoyer\" \/>\n<\/p><p style=\"display: none !important;\" class=\"akismet-fields-container\" data-prefix=\"_wpcf7_ak_\"><label>&#916;<textarea name=\"_wpcf7_ak_hp_textarea\" cols=\"45\" rows=\"8\" maxlength=\"100\"><\/textarea><\/label><input type=\"hidden\" id=\"ak_js_1\" name=\"_wpcf7_ak_js\" value=\"140\"\/><script>document.getElementById( \"ak_js_1\" ).setAttribute( \"value\", ( new Date() ).getTime() );<\/script><\/p><div class=\"wpcf7-response-output\" aria-hidden=\"true\"><\/div>\n<\/form>\n<\/div>\n<\/div>\n<\/div>\n\n\n\n<div class=\"wp-block-column is-layout-flow wp-block-column-is-layout-flow\"><\/div>\n<\/div>\n<\/div><\/div>\n\n\n\n<div class=\"wp-block-columns is-layout-flex wp-container-core-columns-is-layout-4 wp-block-columns-is-layout-flex\">\n<div class=\"wp-block-column uag-hide-tab uag-hide-mob is-layout-flow wp-block-column-is-layout-flow\"><\/div>\n<\/div>\n\n\n\n<div class=\"wp-block-uagb-container uagb-block-b9bf6426 alignfull uagb-is-root-container\"><div class=\"uagb-container-inner-blocks-wrap\"><\/div><\/div>\n","protected":false},"excerpt":{"rendered":"<p>Nous rencontrer Chez Planty nous sommes tous passionn\u00e9s par le bien-\u00eatre, et \u00e7a se retrouve dans nos boissons ! Notre start-up s&rsquo;est construite au fur et \u00e0 mesure de rencontres entre amoureux des plantes. L&rsquo;\u00e9quipe M\u00e9gane CEO Brooke Nutritionniste Sylvie Mixologue Nous contacter<\/p>\n","protected":false},"author":1,"featured_media":0,"parent":0,"menu_order":0,"comment_status":"closed","ping_status":"closed","template":"","meta":{"_uag_custom_page_level_css":"","ocean_post_layout":"","ocean_both_sidebars_style":"","ocean_both_sidebars_content_width":0,"ocean_both_sidebars_sidebars_width":0,"ocean_sidebar":"","ocean_second_sidebar":"","ocean_disable_margins":"enable","ocean_add_body_class":"","ocean_shortcode_before_top_bar":"","ocean_shortcode_after_top_bar":"","ocean_shortcode_before_header":"","ocean_shortcode_after_header":"","ocean_has_shortcode":"","ocean_shortcode_after_title":"","ocean_shortcode_before_footer_widgets":"","ocean_shortcode_after_footer_widgets":"","ocean_shortcode_before_footer_bottom":"","ocean_shortcode_after_footer_bottom":"","ocean_display_top_bar":"default","ocean_display_header":"default","ocean_header_style":"","ocean_center_header_left_menu":"","ocean_custom_header_template":"","ocean_custom_logo":0,"ocean_custom_retina_logo":0,"ocean_custom_logo_max_width":0,"ocean_custom_logo_tablet_max_width":0,"ocean_custom_logo_mobile_max_width":0,"ocean_custom_logo_max_height":0,"ocean_custom_logo_tablet_max_height":0,"ocean_custom_logo_mobile_max_height":0,"ocean_header_custom_menu":"","ocean_menu_typo_font_family":"","ocean_menu_typo_font_subset":"","ocean_menu_typo_font_size":0,"ocean_menu_typo_font_size_tablet":0,"ocean_menu_typo_font_size_mobile":0,"ocean_menu_typo_font_size_unit":"px","ocean_menu_typo_font_weight":"","ocean_menu_typo_font_weight_tablet":"","ocean_menu_typo_font_weight_mobile":"","ocean_menu_typo_transform":"","ocean_menu_typo_transform_tablet":"","ocean_menu_typo_transform_mobile":"","ocean_menu_typo_line_height":0,"ocean_menu_typo_line_height_tablet":0,"ocean_menu_typo_line_height_mobile":0,"ocean_menu_typo_line_height_unit":"","ocean_menu_typo_spacing":0,"ocean_menu_typo_spacing_tablet":0,"ocean_menu_typo_spacing_mobile":0,"ocean_menu_typo_spacing_unit":"","ocean_menu_link_color":"","ocean_menu_link_color_hover":"","ocean_menu_link_color_active":"","ocean_menu_link_background":"","ocean_menu_link_hover_background":"","ocean_menu_link_active_background":"","ocean_menu_social_links_bg":"","ocean_menu_social_hover_links_bg":"","ocean_menu_social_links_color":"","ocean_menu_social_hover_links_color":"","ocean_disable_title":"default","ocean_disable_heading":"default","ocean_post_title":"","ocean_post_subheading":"","ocean_post_title_style":"","ocean_post_title_background_color":"","ocean_post_title_background":0,"ocean_post_title_bg_image_position":"","ocean_post_title_bg_image_attachment":"","ocean_post_title_bg_image_repeat":"","ocean_post_title_bg_image_size":"","ocean_post_title_height":0,"ocean_post_title_bg_overlay":0.5,"ocean_post_title_bg_overlay_color":"","ocean_disable_breadcrumbs":"default","ocean_breadcrumbs_color":"","ocean_breadcrumbs_separator_color":"","ocean_breadcrumbs_links_color":"","ocean_breadcrumbs_links_hover_color":"","ocean_display_footer_widgets":"default","ocean_display_footer_bottom":"default","ocean_custom_footer_template":"","footnotes":""},"class_list":["post-43","page","type-page","status-publish","hentry","entry"],"uagb_featured_image_src":{"full":false,"thumbnail":false,"medium":false,"medium_large":false,"large":false,"1536x1536":false,"2048x2048":false,"ocean-thumb-m":false,"ocean-thumb-ml":false,"ocean-thumb-l":false},"uagb_author_info":{"display_name":"Jessica Code","author_link":"https:\/\/www.jessica-idel.fr\/planty\/author\/jessica-code\/"},"uagb_comment_info":0,"uagb_excerpt":"Nous rencontrer Chez Planty nous sommes tous passionn\u00e9s par le bien-\u00eatre, et \u00e7a se retrouve dans nos boissons ! Notre start-up s&rsquo;est construite au fur et \u00e0 mesure de rencontres entre amoureux des plantes. L&rsquo;\u00e9quipe M\u00e9gane CEO Brooke Nutritionniste Sylvie Mixologue Nous contacter","_links":{"self":[{"href":"https:\/\/www.jessica-idel.fr\/planty\/wp-json\/wp\/v2\/pages\/43"}],"collection":[{"href":"https:\/\/www.jessica-idel.fr\/planty\/wp-json\/wp\/v2\/pages"}],"about":[{"href":"https:\/\/www.jessica-idel.fr\/planty\/wp-json\/wp\/v2\/types\/page"}],"author":[{"embeddable":true,"href":"https:\/\/www.jessica-idel.fr\/planty\/wp-json\/wp\/v2\/users\/1"}],"replies":[{"embeddable":true,"href":"https:\/\/www.jessica-idel.fr\/planty\/wp-json\/wp\/v2\/comments?post=43"}],"version-history":[{"count":143,"href":"https:\/\/www.jessica-idel.fr\/planty\/wp-json\/wp\/v2\/pages\/43\/revisions"}],"predecessor-version":[{"id":423,"href":"https:\/\/www.jessica-idel.fr\/planty\/wp-json\/wp\/v2\/pages\/43\/revisions\/423"}],"wp:attachment":[{"href":"https:\/\/www.jessica-idel.fr\/planty\/wp-json\/wp\/v2\/media?parent=43"}],"curies":[{"name":"wp","href":"https:\/\/api.w.org\/{rel}","templated":true}]}}